Avisos AEMET Campiña SevillanaSin Avisos    + INFO

Informes climáticos al estilo de la NOAA

Selecciona un año o mes para el informe
2022: Ene Feb Mar Abr May Jun Jul Ago Sep Oct Nov Dic
2021: Ene Feb Mar Abr May Jun Jul Ago Sep Oct Nov Dic

Informe para 2022 Enero
                   Monthly Climatological Summary for ene. 2022

Name: Meteoviso   City: El Viso del Alcor   State: Sevilla
Elevation: 170 m  Lat: N 37° 23' 44"   Lon: W 005° 43' 05"

                  Temperature (°C), Rain (mm), Wind Speed (km/h)

                                      Heat  Cool        Avg
    Mean                              Deg   Deg         Wind                 Dom
Day Temp  High   Time   Low    Time   Days  Days  Rain  Speed High   Time    Dir
----------------------------------------------------------------------------------
01  15,5  20,9   15:13  11,7   23:59   3,0   0,2   0,0   5,0  23,8   00:07     E
02  13,8  20,2   16:39   7,4   08:28   4,6   0,1   0,0   2,8  22,0   09:00     E
03  15,0  22,7   17:01  10,5   08:30   3,7   0,3   0,0   4,2  22,0   06:37     E
04  11,8  15,3   14:40   9,8   23:52   6,5   0,0   0,3   5,3  38,5   15:06   WSW
05  10,5  14,1   17:04   6,4   08:05   7,8   0,0   0,0   5,2  29,5   23:48   WSW
06  10,3  15,0   17:20   5,7   08:14   8,0   0,0   0,0   4,3  25,6   00:00     N
07  10,0  14,7   16:15   6,1   08:28   8,3   0,0   0,0   7,2  33,1   23:26   ENE
08  11,3  16,0   16:12   7,5   06:53   7,0   0,0   0,0   8,8  34,9   05:06   ENE
09   9,7  15,7   16:00   4,9   07:37   8,6   0,0   0,0   2,4  13,0   12:17   ENE
10  11,3  15,1   16:01   8,3   04:09   7,0   0,0   0,0   4,1  23,8   22:19   ENE
11  13,3  18,4   16:08   8,5   03:14   5,0   0,0   0,0  11,5  43,9   09:37   ENE
12  12,3  16,7   14:58   9,3   06:33   6,0   0,0   0,0   8,0  27,7   14:59     E
13  10,8  15,4   14:23   7,2   08:46   7,5   0,0   0,0  12,2  42,1   17:55     E
14  10,4  16,0   16:02   6,6   08:25   7,9   0,0   0,0  11,6  36,7   09:34   ENE
15  10,8  15,9   16:01   6,7   07:38   7,5   0,0   0,0   7,2  27,7   07:25     E
16  11,0  15,8   15:55   6,7   06:35   7,3   0,0   0,0   6,6  22,0   07:22   ENE
17  10,5  16,4   15:55   6,2   06:50   7,8   0,0   0,0   9,0  27,7   05:03   ENE
18  10,3  17,3   15:57   6,0   08:16   8,0   0,0   0,0   5,5  25,6   09:10   ENE
19   9,9  15,3   16:32   5,3   05:35   8,4   0,0   0,0   3,0  18,4   06:41     E
20   9,9  15,2   17:05   5,3   08:05   8,4   0,0   0,0   5,2  23,8   12:40     E
21  10,1  14,9   16:40   5,5   08:40   8,2   0,0   0,0   7,5  25,6   11:12   ENE
22  10,7  17,2   16:02   6,4   08:43   7,6   0,0   0,0  11,9  36,7   07:36   ENE
23  11,3  17,3   16:24   7,4   08:29   7,0   0,0   0,0  10,1  33,1   08:40   ENE
24  11,2  14,4   14:35   8,6   09:42   7,1   0,0   0,0   7,7  31,3   13:35   ENE
25  11,8  16,1   15:44   8,5   06:52   6,5   0,0   0,0   9,1  34,9   15:37   ENE
26  12,2  15,8   13:39   8,6   08:35   6,1   0,0   0,0  10,7  33,1   13:11   ENE
27  12,7  16,1   16:47   9,7   08:23   5,6   0,0   0,0   8,7  27,7   00:27   ENE
28  12,9  18,4   15:43   8,5   06:12   5,4   0,0   0,0  12,3  42,1   15:08     E
----------------------------------------------------------------------------------
    11,5  22,7     3     4,9     9   191,8   0,6   0,3   7,4  43,9    11     ENE

Max >=  27,0  0
Max <=   0,0  0
Min <=   0,0  0
Min <= -18,0  0
Max Rain: 0,3 on day 4
Days of Rain: 1 (>= 0,2 mm)  0 (>= 2,0 mm)  0 (>= 20,0 mm)
Heat Base: 18,3  Cool Base: 18,3  Method: Integration