Avisos AEMET Campiña SevillanaSin Avisos    + INFO

Informes climáticos al estilo de la NOAA

Selecciona un año o mes para el informe
2024: Ene Feb Mar Abr May Jun Jul Ago Sep Oct Nov Dic
2023: Ene Feb Mar Abr May Jun Jul Ago Sep Oct Nov Dic
2022: Ene Feb Mar Abr May Jun Jul Ago Sep Oct Nov Dic
2021: Ene Feb Mar Abr May Jun Jul Ago Sep Oct Nov Dic

Informe para 2024 Julio
                   Monthly Climatological Summary for jul. 2024

Name: Meteoviso   City: El Viso del Alcor   State: Sevilla
Elevation: 170 m  Lat: N 37° 23' 43"   Lon: W 005° 43' 05"

                  Temperature (°C), Rain (mm), Wind Speed (km/h)

                                      Heat  Cool        Avg
    Mean                              Deg   Deg         Wind                 Dom
Day Temp  High   Time   Low    Time   Days  Days  Rain  Speed High   Time    Dir
----------------------------------------------------------------------------------
01  24,3  32,0   18:20  18,2   07:08   0,0   6,0   0,0   5,8  25,6   19:14    SW
02  28,2  37,2   17:47  20,3   03:20   0,0   9,8   0,0   4,0  25,6   22:42   SSW
03  30,8  41,0   19:03  23,0   06:19   0,0  12,5   0,0   5,3  23,8   20:46    SW
04  32,7  42,3   18:15  25,0   07:56   0,0  14,4   0,0   6,2  27,7   19:28   SSW
05  28,2  33,4   14:24  20,6   23:47   0,0   9,9   0,0   8,8  34,9   17:37   WSW
06  21,9  28,3   17:55  18,7   06:39   0,0   3,6   0,3  13,0  40,3   20:40    SW
07  22,3  29,2   18:35  17,0   06:57   0,1   4,1   0,0  10,5  31,3   14:05    SW
08  23,8  32,6   17:35  16,6   06:40   0,2   5,7   0,0   5,7  25,6   16:15    SW
09  25,3  33,1   16:25  19,0   07:23   0,0   7,0   0,0   7,6  27,7   16:48    SW
10  28,3  38,0   18:46  20,2   07:09   0,0  10,0   0,0   5,9  20,2   11:18    SW
11  30,5  38,0   16:54  24,0   03:30   0,0  12,2   0,0   7,3  31,3   19:58    SW
12  29,4  36,3   17:30  23,7   07:10   0,0  11,1   0,0   6,7  27,7   20:00    SW
----------------------------------------------------------------------------------
    27,2  42,3     4    16,6     8     0,3 106,4   0,3   7,2  40,3     6      SW

Max >=  27,0 12
Max <=   0,0  0
Min <=   0,0  0
Min <= -18,0  0
Max Rain: 0,3 on day 6
Days of Rain: 1 (>= 0,2 mm)  0 (>= 2,0 mm)  0 (>= 20,0 mm)
Heat Base: 18,3  Cool Base: 18,3  Method: Integration